{"id":5156,"date":"2025-08-11T18:09:17","date_gmt":"2025-08-11T18:09:17","guid":{"rendered":"https:\/\/securityhnos.com.ar\/home\/product\/protector-auditivo-bilsom-thunder-t2-nrr-28db\/"},"modified":"2025-09-18T15:13:21","modified_gmt":"2025-09-18T18:13:21","slug":"protector-auditivo-bilsom-thunder-t2-nrr-28db","status":"publish","type":"product","link":"https:\/\/securityhnos.com.ar\/home\/product\/protector-auditivo-bilsom-thunder-t2-nrr-28db\/","title":{"rendered":"Protector Auditivo Bilsom Thunder T2 (Nrr 28Db)"},"content":{"rendered":"","protected":false},"excerpt":{"rendered":"<p>Construcci\u00f3n diel\u00e9ctrica adecuada para todos los sitios de trabajo, especialmente en entornos el\u00e9ctricos. Presi\u00f3n uniforme de la cinta para la cabeza de diferentes tallas, lo que brinda mayor comodidad durante un uso prolongado. La cinta para la cabeza con ventilaci\u00f3n interna minimiza la presi\u00f3n sobre la cabeza y facilita la respiraci\u00f3n en climas c\u00e1lidos y h\u00famedos. La cinta para la cabeza externa que no se deforma soporta un tratamiento agresivo en los sitios de trabajo m\u00e1s exigentes. La tecnolog\u00eda Air Flow Control (Control de flujo de aire) patentada permite una \u00f3ptima atenuaci\u00f3n en todas las frecuencias.<\/p>\n<p><strong>Marca: <\/strong>HOWARD LEIGHT<\/p>\n<p><strong>Norma: <\/strong>29 CFR 1910.95, OSHA Occupational Noise Exposure (US) &#8211; ANSI S3.19-1974, Attenuation Test Protocol (US)<\/p>\n[fusion_button link=\"\/wp-content\/uploads\/fichas-tecnicas\/b42c25595e3134846c1b84db523f7cf1.pdf\" enable_hover_text_icon=\"yes\" hover_text=\"\" title=\"\" target=\"_blank\" link_attributes=\"\" aria_role_button=\"0\" alignment_medium=\"\" alignment_small=\"\" alignment=\"\" modal=\"\" hide_on_mobile=\"small-visibility,medium-visibility,large-visibility\" sticky_display=\"normal,sticky\" class=\"\" id=\"\" color=\"default\" button_gradient_top_color_hover=\"\" hue=\"\" saturation=\"\" lightness=\"\" alpha=\"\" button_gradient_top_color=\"\" button_gradient_bottom_color_hover=\"\" button_gradient_bottom_color=\"\" gradient_start_position=\"\" gradient_end_position=\"\" gradient_type=\"\" radial_direction=\"\" linear_angle=\"\" accent_hover_color=\"\" accent_color=\"\" type=\"\" bevel_color=\"\" bevel_color_hover=\"\" border_top=\"\" border_right=\"\" border_bottom=\"\" border_left=\"\" border_radius_top_left=\"\" border_radius_top_right=\"\" border_radius_bottom_right=\"\" border_radius_bottom_left=\"\" border_hover_color=\"\" border_color=\"\" size=\"\" padding_top=\"\" padding_right=\"\" padding_bottom=\"\" padding_left=\"\" fusion_font_family_button_font=\"\" fusion_font_variant_button_font=\"\" font_size=\"\" line_height=\"\" letter_spacing=\"\" text_transform=\"\" stretch=\"default\" margin_top=\"\" margin_right=\"\" margin_bottom=\"\" margin_left=\"\" icon=\"fa-arrow-down fas\" hover_icon=\"fa-chevron-circle-down fas\" icon_position=\"left\" icon_divider=\"no\" hover_transition=\"none\" animation_type=\"\" animation_direction=\"left\" animation_color=\"\" animation_speed=\"0.3\" animation_delay=\"0\" animation_offset=\"\"]Descargar ficha t\u00e9cnica[\/fusion_button]\n","protected":false},"featured_media":5155,"comment_status":"open","ping_status":"closed","template":"","meta":[],"product_brand":[279],"product_cat":[188,190],"product_tag":[],"class_list":{"0":"post-5156","1":"product","2":"type-product","3":"status-publish","4":"has-post-thumbnail","6":"product_brand-howard-leight","7":"product_cat-epp","8":"product_cat-proteccion-auditiva","10":"first","11":"outofstock","12":"shipping-taxable","13":"product-type-variable"},"_links":{"self":[{"href":"https:\/\/securityhnos.com.ar\/home\/wp-json\/wp\/v2\/product\/5156","targetHints":{"allow":["GET"]}}],"collection":[{"href":"https:\/\/securityhnos.com.ar\/home\/wp-json\/wp\/v2\/product"}],"about":[{"href":"https:\/\/securityhnos.com.ar\/home\/wp-json\/wp\/v2\/types\/product"}],"replies":[{"embeddable":true,"href":"https:\/\/securityhnos.com.ar\/home\/wp-json\/wp\/v2\/comments?post=5156"}],"wp:featuredmedia":[{"embeddable":true,"href":"https:\/\/securityhnos.com.ar\/home\/wp-json\/wp\/v2\/media\/5155"}],"wp:attachment":[{"href":"https:\/\/securityhnos.com.ar\/home\/wp-json\/wp\/v2\/media?parent=5156"}],"wp:term":[{"taxonomy":"product_brand","embeddable":true,"href":"https:\/\/securityhnos.com.ar\/home\/wp-json\/wp\/v2\/product_brand?post=5156"},{"taxonomy":"product_cat","embeddable":true,"href":"https:\/\/securityhnos.com.ar\/home\/wp-json\/wp\/v2\/product_cat?post=5156"},{"taxonomy":"product_tag","embeddable":true,"href":"https:\/\/securityhnos.com.ar\/home\/wp-json\/wp\/v2\/product_tag?post=5156"}],"curies":[{"name":"wp","href":"https:\/\/api.w.org\/{rel}","templated":true}]}}