{"id":5115,"date":"2025-08-11T18:06:44","date_gmt":"2025-08-11T18:06:44","guid":{"rendered":"https:\/\/securityhnos.com.ar\/home\/product\/casco-libus-milenium-class\/"},"modified":"2025-09-18T15:13:22","modified_gmt":"2025-09-18T18:13:22","slug":"casco-libus-milenium-class","status":"publish","type":"product","link":"https:\/\/securityhnos.com.ar\/home\/product\/casco-libus-milenium-class\/","title":{"rendered":"Casco Libus Milenium Class"},"content":{"rendered":"","protected":false},"excerpt":{"rendered":"<p>Dise\u00f1ado para proteger la cabeza del impacto de objetos que caen libremente.  Dise\u00f1o modular que permite el montaje de productos de protecci\u00f3n facial, auditiva, ocular y soldadura.  Fabricado en polietileno, se distingue por su moderno dise\u00f1o y excelente terminaci\u00f3n.  Hebilla trasera para anclaje de mentonera de 3 puntos.  Versiones: Sin ventilaci\u00f3n  Visera Frontal de 3,5 cm que permite una \u00f3ptima visi\u00f3n superior manteniendo las prestaciones de seguridad.<\/p>\n<p><strong>Materiales: <\/strong>Polietileno<\/p>\n<p><strong>Marca: <\/strong>LIBUS<\/p>\n<p><strong>Norma: <\/strong>IRAM 3620 Tipo 1-Clase B  &#8211;  NBR 8221:2003 Tipo II-Classe B  &#8211;  ANSI\/ISEA Z89.1 Type I-Class E  &#8211;  Norma Chilena NCh 461:1977  &#8211;  NOM \u2013 115- STPS-2009<\/p>\n[fusion_button link=\"\/wp-content\/uploads\/fichas-tecnicas\/0e4ebb62319f0f0aa5578c82833ad7e5.pdf\" enable_hover_text_icon=\"yes\" hover_text=\"\" title=\"\" target=\"_blank\" link_attributes=\"\" aria_role_button=\"0\" alignment_medium=\"\" alignment_small=\"\" alignment=\"\" modal=\"\" hide_on_mobile=\"small-visibility,medium-visibility,large-visibility\" sticky_display=\"normal,sticky\" class=\"\" id=\"\" color=\"default\" button_gradient_top_color_hover=\"\" hue=\"\" saturation=\"\" lightness=\"\" alpha=\"\" button_gradient_top_color=\"\" button_gradient_bottom_color_hover=\"\" button_gradient_bottom_color=\"\" gradient_start_position=\"\" gradient_end_position=\"\" gradient_type=\"\" radial_direction=\"\" linear_angle=\"\" accent_hover_color=\"\" accent_color=\"\" type=\"\" bevel_color=\"\" bevel_color_hover=\"\" border_top=\"\" border_right=\"\" border_bottom=\"\" border_left=\"\" border_radius_top_left=\"\" border_radius_top_right=\"\" border_radius_bottom_right=\"\" border_radius_bottom_left=\"\" border_hover_color=\"\" border_color=\"\" size=\"\" padding_top=\"\" padding_right=\"\" padding_bottom=\"\" padding_left=\"\" fusion_font_family_button_font=\"\" fusion_font_variant_button_font=\"\" font_size=\"\" line_height=\"\" letter_spacing=\"\" text_transform=\"\" stretch=\"default\" margin_top=\"\" margin_right=\"\" margin_bottom=\"\" margin_left=\"\" icon=\"fa-arrow-down fas\" hover_icon=\"fa-chevron-circle-down fas\" icon_position=\"left\" icon_divider=\"no\" hover_transition=\"none\" animation_type=\"\" animation_direction=\"left\" animation_color=\"\" animation_speed=\"0.3\" animation_delay=\"0\" animation_offset=\"\"]Descargar ficha t\u00e9cnica[\/fusion_button]\n","protected":false},"featured_media":5114,"comment_status":"open","ping_status":"closed","template":"","meta":[],"product_brand":[285],"product_cat":[188,192],"product_tag":[],"class_list":{"0":"post-5115","1":"product","2":"type-product","3":"status-publish","4":"has-post-thumbnail","6":"product_brand-libus","7":"product_cat-epp","8":"product_cat-proteccion-craneana","10":"first","11":"outofstock","12":"shipping-taxable","13":"product-type-variable"},"_links":{"self":[{"href":"https:\/\/securityhnos.com.ar\/home\/wp-json\/wp\/v2\/product\/5115","targetHints":{"allow":["GET"]}}],"collection":[{"href":"https:\/\/securityhnos.com.ar\/home\/wp-json\/wp\/v2\/product"}],"about":[{"href":"https:\/\/securityhnos.com.ar\/home\/wp-json\/wp\/v2\/types\/product"}],"replies":[{"embeddable":true,"href":"https:\/\/securityhnos.com.ar\/home\/wp-json\/wp\/v2\/comments?post=5115"}],"wp:featuredmedia":[{"embeddable":true,"href":"https:\/\/securityhnos.com.ar\/home\/wp-json\/wp\/v2\/media\/5114"}],"wp:attachment":[{"href":"https:\/\/securityhnos.com.ar\/home\/wp-json\/wp\/v2\/media?parent=5115"}],"wp:term":[{"taxonomy":"product_brand","embeddable":true,"href":"https:\/\/securityhnos.com.ar\/home\/wp-json\/wp\/v2\/product_brand?post=5115"},{"taxonomy":"product_cat","embeddable":true,"href":"https:\/\/securityhnos.com.ar\/home\/wp-json\/wp\/v2\/product_cat?post=5115"},{"taxonomy":"product_tag","embeddable":true,"href":"https:\/\/securityhnos.com.ar\/home\/wp-json\/wp\/v2\/product_tag?post=5115"}],"curies":[{"name":"wp","href":"https:\/\/api.w.org\/{rel}","templated":true}]}}