{"id":5018,"date":"2025-08-11T17:57:09","date_gmt":"2025-08-11T17:57:09","guid":{"rendered":"https:\/\/securityhnos.com.ar\/home\/product\/mascara-3m-serie-6000-6700s-6800m-6900l\/"},"modified":"2025-10-01T11:03:29","modified_gmt":"2025-10-01T14:03:29","slug":"mascara-3m-serie-6000-6700s-6800m-6900l","status":"publish","type":"product","link":"https:\/\/securityhnos.com.ar\/home\/product\/mascara-3m-serie-6000-6700s-6800m-6900l\/","title":{"rendered":"Mascara 3M\u2122 Serie 6000 &#8211; 6700(S) &#8211; 6800(M) &#8211; 6900(L)"},"content":{"rendered":"","protected":false},"excerpt":{"rendered":"<p>Alternativa para protecci\u00f3n respiratoria, visual y facial en forma simult\u00e1nea. Con amplio campo de visi\u00f3n, el visor es resistente a productos qu\u00edmicos y rayaduras. V\u00e1lvula de exhalaci\u00f3n vertical \u201ccool flow\u201d para facilitar la respiraci\u00f3n.  Los respiradores de la Serie 6000 son vers\u00e1tiles, c\u00f3modos y f\u00e1ciles de usar. Han sido dise\u00f1ados para crear un producto que requiere poco mantenimiento, lo cual minimiza el tiempo necesario para mantener el producto. S\u00f3lo l\u00edmpielo despu\u00e9s de cada uso seg\u00fan las indicaciones dadas y reduzca la necesidad de programas de reparaci\u00f3n costosos.<\/p>\n<p><strong>Materiales: <\/strong>Silicona\/Elast\u00f3mero termopl\u00e1stico<\/p>\n<p><strong>Marca: <\/strong>3M<\/p>\n<p><strong>Norma: <\/strong>NIOSH<\/p>\n[fusion_button link=\"\/wp-content\/uploads\/fichas-tecnicas\/c837df842cf4b5191bbd2ea8922805de.pdf\" enable_hover_text_icon=\"yes\" hover_text=\"\" title=\"\" target=\"_blank\" link_attributes=\"\" aria_role_button=\"0\" alignment_medium=\"\" alignment_small=\"\" alignment=\"\" modal=\"\" hide_on_mobile=\"small-visibility,medium-visibility,large-visibility\" sticky_display=\"normal,sticky\" class=\"\" id=\"\" color=\"default\" button_gradient_top_color_hover=\"\" hue=\"\" saturation=\"\" lightness=\"\" alpha=\"\" button_gradient_top_color=\"\" button_gradient_bottom_color_hover=\"\" button_gradient_bottom_color=\"\" gradient_start_position=\"\" gradient_end_position=\"\" gradient_type=\"\" radial_direction=\"\" linear_angle=\"\" accent_hover_color=\"\" accent_color=\"\" type=\"\" bevel_color=\"\" bevel_color_hover=\"\" border_top=\"\" border_right=\"\" border_bottom=\"\" border_left=\"\" border_radius_top_left=\"\" border_radius_top_right=\"\" border_radius_bottom_right=\"\" border_radius_bottom_left=\"\" border_hover_color=\"\" border_color=\"\" size=\"\" padding_top=\"\" padding_right=\"\" padding_bottom=\"\" padding_left=\"\" fusion_font_family_button_font=\"\" fusion_font_variant_button_font=\"\" font_size=\"\" line_height=\"\" letter_spacing=\"\" text_transform=\"\" stretch=\"default\" margin_top=\"\" margin_right=\"\" margin_bottom=\"\" margin_left=\"\" icon=\"fa-arrow-down fas\" hover_icon=\"fa-chevron-circle-down fas\" icon_position=\"left\" icon_divider=\"no\" hover_transition=\"none\" animation_type=\"\" animation_direction=\"left\" animation_color=\"\" animation_speed=\"0.3\" animation_delay=\"0\" animation_offset=\"\"]Descargar ficha t\u00e9cnica[\/fusion_button]\n","protected":false},"featured_media":5017,"comment_status":"open","ping_status":"closed","template":"","meta":[],"product_brand":[276],"product_cat":[188],"product_tag":[],"class_list":{"0":"post-5018","1":"product","2":"type-product","3":"status-publish","4":"has-post-thumbnail","6":"product_brand-3m","7":"product_cat-epp","9":"first","10":"instock","11":"shipping-taxable","12":"purchasable","13":"product-type-variable"},"_links":{"self":[{"href":"https:\/\/securityhnos.com.ar\/home\/wp-json\/wp\/v2\/product\/5018","targetHints":{"allow":["GET"]}}],"collection":[{"href":"https:\/\/securityhnos.com.ar\/home\/wp-json\/wp\/v2\/product"}],"about":[{"href":"https:\/\/securityhnos.com.ar\/home\/wp-json\/wp\/v2\/types\/product"}],"replies":[{"embeddable":true,"href":"https:\/\/securityhnos.com.ar\/home\/wp-json\/wp\/v2\/comments?post=5018"}],"wp:featuredmedia":[{"embeddable":true,"href":"https:\/\/securityhnos.com.ar\/home\/wp-json\/wp\/v2\/media\/5017"}],"wp:attachment":[{"href":"https:\/\/securityhnos.com.ar\/home\/wp-json\/wp\/v2\/media?parent=5018"}],"wp:term":[{"taxonomy":"product_brand","embeddable":true,"href":"https:\/\/securityhnos.com.ar\/home\/wp-json\/wp\/v2\/product_brand?post=5018"},{"taxonomy":"product_cat","embeddable":true,"href":"https:\/\/securityhnos.com.ar\/home\/wp-json\/wp\/v2\/product_cat?post=5018"},{"taxonomy":"product_tag","embeddable":true,"href":"https:\/\/securityhnos.com.ar\/home\/wp-json\/wp\/v2\/product_tag?post=5018"}],"curies":[{"name":"wp","href":"https:\/\/api.w.org\/{rel}","templated":true}]}}