{"id":4978,"date":"2025-08-11T17:54:07","date_gmt":"2025-08-11T17:54:07","guid":{"rendered":"https:\/\/securityhnos.com.ar\/home\/product\/mameluco-tyvek-500-xpert-ty198s-la\/"},"modified":"2025-10-01T11:03:34","modified_gmt":"2025-10-01T14:03:34","slug":"mameluco-tyvek-500-xpert-ty198s-la","status":"publish","type":"product","link":"https:\/\/securityhnos.com.ar\/home\/product\/mameluco-tyvek-500-xpert-ty198s-la\/","title":{"rendered":"Mameluco Tyvek\u00ae 500 Xpert Ty198S La"},"content":{"rendered":"","protected":false},"excerpt":{"rendered":"<p>Mameluco con capucha. Resistente pero ligero (&lt;180g por prenda). La forma de la capucha de 3 piezas sigue perfectamente los movimientos de la cabeza y los ajustes de la mascarilla. Cara, mu\u00f1ecas y tobillos con el\u00e1stico as\u00ed como el\u00e1stico de cintura pegado. Entrepierna amplia para mayor libertad de movimientos. Gran tirador de cremallera, f\u00e1cil de agarrar Las prendas Tyvek\u00ae se componen de un polietileno de alta densidad &quot;flash spun&quot; ofreciendo un equilibrio ideal entre protecci\u00f3n, durabilidad y confort. Tyvek\u00ae es permeable tanto al aire como al vapor de agua, pero repele los l\u00edquidos de base acuosa y aerosoles. Ofrece una barrera excelente frente a part\u00edculas y fibras finas (hasta de 1 micra ). Deshilachado ultra bajo y tratamiento antiest\u00e1tico. No lleva silicona. Aplicaciones para Tyvek\u00ae Las prendas Tyvek\u00ae 500 Xpert incluyen manipulado farmac\u00e9utico, procesado qu\u00edmico, industria de petr\u00f3leo y gas, mantenimiento y operaciones de tipo general, pintura en spray y limpieza, entre muchas otras.<\/p>\n<p><strong>Materiales: <\/strong>Tyvek\u00ae<\/p>\n<p><strong>Marca: <\/strong>SECURITY<\/p>\n<p><strong>Norma: <\/strong>Certificaci\u00f3n seg\u00fan Reglamento (UE) 2016\/425 Ropa de protecci\u00f3n qu\u00edmica, categor\u00eda III, tipo 5-B y 6-B EN 14126 (barrera contra agentes infecciosos), EN 1073-2 (protecci\u00f3n contra contaminaci\u00f3n radioactiva) Tratamiento antiest\u00e1tico (EN 1149-5) &#8211; en ambas caras<\/p>\n[fusion_button link=\"\/wp-content\/uploads\/fichas-tecnicas\/ca7fe917a25e08948af2ece42396f8e8.pdf\" enable_hover_text_icon=\"yes\" hover_text=\"\" title=\"\" target=\"_blank\" link_attributes=\"\" aria_role_button=\"0\" alignment_medium=\"\" alignment_small=\"\" alignment=\"\" modal=\"\" hide_on_mobile=\"small-visibility,medium-visibility,large-visibility\" sticky_display=\"normal,sticky\" class=\"\" id=\"\" color=\"default\" button_gradient_top_color_hover=\"\" hue=\"\" saturation=\"\" lightness=\"\" alpha=\"\" button_gradient_top_color=\"\" button_gradient_bottom_color_hover=\"\" button_gradient_bottom_color=\"\" gradient_start_position=\"\" gradient_end_position=\"\" gradient_type=\"\" radial_direction=\"\" linear_angle=\"\" accent_hover_color=\"\" accent_color=\"\" type=\"\" bevel_color=\"\" bevel_color_hover=\"\" border_top=\"\" border_right=\"\" border_bottom=\"\" border_left=\"\" border_radius_top_left=\"\" border_radius_top_right=\"\" border_radius_bottom_right=\"\" border_radius_bottom_left=\"\" border_hover_color=\"\" border_color=\"\" size=\"\" padding_top=\"\" padding_right=\"\" padding_bottom=\"\" padding_left=\"\" fusion_font_family_button_font=\"\" fusion_font_variant_button_font=\"\" font_size=\"\" line_height=\"\" letter_spacing=\"\" text_transform=\"\" stretch=\"default\" margin_top=\"\" margin_right=\"\" margin_bottom=\"\" margin_left=\"\" icon=\"fa-arrow-down fas\" hover_icon=\"fa-chevron-circle-down fas\" icon_position=\"left\" icon_divider=\"no\" hover_transition=\"none\" animation_type=\"\" animation_direction=\"left\" animation_color=\"\" animation_speed=\"0.3\" animation_delay=\"0\" animation_offset=\"\"]Descargar ficha t\u00e9cnica[\/fusion_button]\n","protected":false},"featured_media":4977,"comment_status":"open","ping_status":"closed","template":"","meta":[],"product_brand":[235],"product_cat":[188],"product_tag":[],"class_list":{"0":"post-4978","1":"product","2":"type-product","3":"status-publish","4":"has-post-thumbnail","6":"product_brand-security","7":"product_cat-epp","9":"first","10":"instock","11":"shipping-taxable","12":"purchasable","13":"product-type-variable"},"_links":{"self":[{"href":"https:\/\/securityhnos.com.ar\/home\/wp-json\/wp\/v2\/product\/4978","targetHints":{"allow":["GET"]}}],"collection":[{"href":"https:\/\/securityhnos.com.ar\/home\/wp-json\/wp\/v2\/product"}],"about":[{"href":"https:\/\/securityhnos.com.ar\/home\/wp-json\/wp\/v2\/types\/product"}],"replies":[{"embeddable":true,"href":"https:\/\/securityhnos.com.ar\/home\/wp-json\/wp\/v2\/comments?post=4978"}],"wp:featuredmedia":[{"embeddable":true,"href":"https:\/\/securityhnos.com.ar\/home\/wp-json\/wp\/v2\/media\/4977"}],"wp:attachment":[{"href":"https:\/\/securityhnos.com.ar\/home\/wp-json\/wp\/v2\/media?parent=4978"}],"wp:term":[{"taxonomy":"product_brand","embeddable":true,"href":"https:\/\/securityhnos.com.ar\/home\/wp-json\/wp\/v2\/product_brand?post=4978"},{"taxonomy":"product_cat","embeddable":true,"href":"https:\/\/securityhnos.com.ar\/home\/wp-json\/wp\/v2\/product_cat?post=4978"},{"taxonomy":"product_tag","embeddable":true,"href":"https:\/\/securityhnos.com.ar\/home\/wp-json\/wp\/v2\/product_tag?post=4978"}],"curies":[{"name":"wp","href":"https:\/\/api.w.org\/{rel}","templated":true}]}}